se b + h = 2*b. What is the units digit of b?
8
Let z(b) = -235*b**3 - 1. Let u be z(1). Let g = -160 - u. What is the tens digit of g?
7
Suppose v - 2*v = -2*u + 8, 5*v + 5*u - 35 = 0. Suppose 5*l + v*j - 24 - 535 = 0, -323 = -3*l + 5*j. What is the units digit of l?
1
Suppose x - 25 = -5*a + 2*x, -4*a = -5*x + 1. Let y(j) = -5*j**2 + 11*j - 3 - 17*j + j**3 + 2*j. What is the units digit of y(a)?
9
Let b(a) = 4*a**2 + a + 69. What is the units digit of b(-11)?
2
Suppose 7*j - 8*j - 25 = 0. Suppose b + 0*b = 2*v - 51, -v - 310 = 5*b. Let y = j - b. What is the tens digit of y?
3
Let x = 84 - -482. What is the units digit of x?
6
Let z be (1 - 5)*9 + 1. Let c be -5 - -3 - 7 - -71. Let l = z + c. What is the units digit of l?
7
Suppose -9*w - 2090 = -9029. What is the tens digit of w?
7
Suppose 0 = 4*s + 5*u - 833 - 1336, s - 551 = -3*u. What is the units digit of s?
6
Let i be (-11 - 32)/(-1*1). Suppose i = -5*k + 103. What is the tens digit of k/42 - 110/(-7)?
1
Suppose 6*c - c - 245 = -5*x, -3*c + 2*x = -127. Let f = -8 + c. What is the tens digit of f?
3
Let h = 334 - -389. Let g = h - 491. What is the units digit of g?
2
Suppose 4*k + 152 = 1260. Suppose 0 = -5*v + 2*z + k - 31, 0 = 2*v - 3*z - 105. What is the units digit of 6/8 + 12/v?
1
Suppose 302*l - 75922 = 288*l. What is the hundreds digit of l?
4
Let s be (-2)/(-6) - 245/(-21). Let q = s - 20. What is the units digit of 3/4 + (-18)/q?
3
Suppose -2*u + f + 518 = -564, -5*u = -3*f - 2705. What is the hundreds digit of u?
5
Let t = 6670 + -1895. What is the thousands digit of t?
4
Let k(a) = 1 + 6*a + 13*a - 4*a - 2. Let y be k(1). Let n = y - 6. What is the units digit of n?
8
Let x = 375 - -34. What is the tens digit of x?
0
Let f be -19 + -2 - (-8 + 6). Let o = f + 21. Suppose 0 = o*w - 5*v + 1 - 0, -3*w - 2*v + 8 = 0. What is the units digit of w?
2
Suppose 2*a - 3*a + 41 = 4*m, -a + 44 = m. Suppose 3*x + 5 - 2 = 0. What is the units digit of (8/5 + x)*a?
7
Let m = 1359 - 564. What is the units digit of m?
5
Let n = 30 + -128. What is the units digit of 3 + -1 - 1 - n?
9
Let a(u) = 5*u**3 - 2*u**2 - 4*u. Let o be a(-3). Let b = -24 + -76. Let s = b - o. What is the units digit of s?
1
Let s(h) = h**2 - 7*h + 4. Let v be s(-8). Let p be (-2)/(370/v + -3). Let r = p + -72. What is the units digit of r?
2
What is the thousands digit of (-954)/15*(-55 + 25)?
1
Suppose -s + 2*j + 154 = -787, j - 3773 = -4*s. What is the tens digit of s?
4
Let l = -128 + 210. What is the units digit of ((-4)/(-4 + 332/l))/(-2)?
1
Suppose -5*h + 5*f + 16735 = 0, -f + 6*f = -2*h + 6659. What is the thousands digit of h?
3
Suppose 826 = 9*a + 106. What is the hundreds digit of 11264/a + 4/(-5)?
1
Suppose 0 = -4*k + 1240 + 72. Suppose -3*d + k = d. What is the tens digit of d?
8
Suppose 4*l - 4*b = 2028, 20*l - 3*b = 22*l - 1039. What is the hundreds digit of l?
5
Suppose -2*w + 27 = 3*p, -4*p = -4*w - 2*p + 14. Suppose -w*b + b + 20 = 0. Suppose 23 + 21 = b*o. What is the units digit of o?
1
Suppose -58 = t - 1150. What is the hundreds digit of t?
0
Let m = -26 - -29. Suppose 5*u - c = 2*c + 150, m*u + 2*c = 71. What is the units digit of u?
7
Suppose 2*j + 4*c = 2, -4*j + 13 = -2*c - 1. Suppose -j*w + 45 = -18. What is the tens digit of (-4 + 3)/((-1)/w)?
2
Let k(h) = h**3 - 5. Let r be k(2). Suppose 2*t + r*t = o + 630, 0 = -5*t - 5*o + 630. What is the hundreds digit of t?
1
Let y(k) = -5*k**2 + 3*k + 6*k + 19*k**2 - k + 7. What is the tens digit of y(-2)?
4
Let g(t) = -t**3 - 51*t**2 - 62*t + 164. What is the tens digit of g(-50)?
6
Suppose 4*q + 3660 = 4*x, x + 11*q = 9*q + 927. What is the units digit of x?
9
Let m = -4 - -4. Suppose m = 3*c - 72 - 123. Suppose 3*j - 2*w = 43, 5*j - 5*w = -0*w + c. What is the units digit of j?
7
Suppose -3*h - 2*a + 2242 = 0, 3*a + 185 + 566 = h. What is the hundreds digit of h?
7
Let p(q) be the third derivative of q**4/6 + 93*q**3/2 + 26*q**2. What is the tens digit of p(0)?
7
Suppose 21*f + 3*m + 635 = 26*f, -4*f + 508 = -3*m. What is the tens digit of f?
2
Let o be (-46)/(-14) - 6/21. Suppose -3*v = -c + 7, o*c + v = -c + 15. Suppose -q = 4*a - 35, 3*a + 125 = c*q + 4*a. What is the tens digit of q?
3
Let m(v) = -75*v + 8. Suppose -2 = -4*n - 6. What is the tens digit of m(n)?
8
Let l(p) = -3 + 6*p - 1 + 4*p**2 + 1 - 5*p**2. Let c be l(5). Suppose y - c*y + 1 = 0. What is the units digit of y?
1
Let u = -297 - -1248. What is the units digit of u?
1
Suppose 0 = -10*v + 221 - 1371. Let p = v + 118. What is the units digit of p?
3
Let b(a) = -3*a**2 - 2*a - 2. Let d(h) = -h - 5. Let t be d(-4). Let n be b(t). What is the tens digit of 2*16/(-6)*n?
1
Let x be 10/(-4)*(-8)/5. Suppose 16 = 4*y - x. Suppose -6 = 3*s, 5*c - 138 - 27 = y*s. What is the tens digit of c?
3
Suppose 0 = x - 2*f - 1525, -2*x - 4*f - 821 + 3887 = 0. What is the thousands digit of x?
1
What is the units digit of 29 + -23 - 5*-103?
1
Suppose -9 + 21 = 2*c - w, -5*c = 3*w - 19. Suppose 275 + 365 = c*m. What is the tens digit of m?
2
Let f(q) = -5*q + 12. Let j = -5 + 0. What is the units digit of f(j)?
7
Let w = 993 - 583. What is the units digit of w?
0
Suppose -28*y + 3583 = -2073. What is the hundreds digit of y?
2
Suppose -5*s = d + 3*d - 16, d = -2*s + 7. Let m be (10/(-4))/(1/(-6)). What is the units digit of s/10 + 9/m?
1
What is the tens digit of 39/(-26) + (-3 - (-8055)/10)?
0
What is the hundreds digit of ((-4)/8)/(13/(-143390))?
5
Let u(w) = -w + 22. Suppose -4*h + 2 = -58. What is the units digit of u(h)?
7
Let z(x) = 684*x - 736. What is the tens digit of z(6)?
6
Suppose -33*s = 34565 - 103172. What is the hundreds digit of s?
0
Suppose -v - 3 = b, -3*b - 6 - 3 = 4*v. Let i be 16/(-6)*b/4. What is the units digit of (i/3)/2*93?
1
What is the tens digit of (13 + -18)*(-269)/5?
6
Let m be (363 + 3)*5/15. Suppose m + 46 = 3*o. What is the units digit of o?
6
Suppose 0 = -4*l - 5*g + 239, -4*g + 147 = 5*l - 145. Let c be (6/2)/(-1) + l. Suppose j = -4 + c. What is the tens digit of j?
4
Let h(u) = 2*u**2 + 63*u + 7. What is the units digit of h(22)?
1
Suppose -3*j + a - 16 = 0, -20 = -0*j + 3*j - 2*a. Let v(u) = -9*u + 23. What is the units digit of v(j)?
9
Let c = -156 + 207. What is the tens digit of c?
5
Let y(d) = -3*d - 8. Let n be y(-14). Suppose -267 = -n*c + 31*c. What is the tens digit of c?
8
Let k be (-46)/(-11) + 20/(-110). Suppose -3*w + 71 = -k. What is the tens digit of w?
2
Let j(i) = i**3 + 3*i**2 + 2*i + 647. What is the units digit of j(0)?
7
Let w be 499 + (2/4)/((-7)/42). Suppose 6*z = -2*z + w. What is the units digit of z?
2
Suppose 0 = 3*l + 3*r - 363, 4*l + 6*r - 3*r - 481 = 0. What is the hundreds digit of 1 + l + -4 + 5?
1
Suppose 4*c = -p - 3*p, -2*c + 6 = -p. What is the tens digit of c/(-10)*38*-5?
3
Let c be -1 + 6 - 0/1. Let h(d) be the first derivative of d**3/3 - 3*d**2/2 + 5*d + 2. What is the units digit of h(c)?
5
Suppose 5185 = 3*i - 6938. What is the hundreds digit of i?
0
Suppose 5*d - 33 = 2*d. Let j be (d/22)/((-2)/(-4)). Let v(x) = 26*x + 1. What is the units digit of v(j)?
7
Let w be ((-1 + -2)*1)/((-21)/28). Suppose -w*h - 132 = 4*c - 6*c, 0 = -5*c - 4*h + 260. What is the tens digit of c?
5
Suppose -5*p = -4*z + 1, -2*z + 0*p + 2 = -2*p. Suppose 5*k - 10 = 0, -d - z*d = 3*k - 321. What is the tens digit of d?
6
Suppose -6402 = -22*m + 11*m. What is the hundreds digit of m?
5
Suppose -f = -2*f + 44. Suppose -1 = 2*l - 5. Suppose 0 = -3*j + l*t + f, 0 = j + j + 2*t - 26. What is the tens digit of j?
1
Suppose 4*d - 3*i + 5*i - 3362 = 0, 3*i = -3*d + 2529. What is the tens digit of d?
3
Let y be (-4)/(-8) - 2 - (-485)/2. Let p = -132 + y. What is the hundreds digit of p?
1
Let q = -6533 + 11504. What is the thousands digit of q?
4
Suppose 0 = 4*n + 3*g + 93, n - 2*g - 3*g + 52 = 0. Suppose f - 3 = -5*s, -3*f - 23 = s - 2*s. Let z = f - n. What is the units digit of z?
0
Suppose -z + 332 + 39 = 0. What is the tens digit of z?
7
Let o(y) = -y**3 + y**2 + y. Suppose 3*s + 6 = -3*s. Let m be o(s). What is the units digit of (-115)/(-5) - 4/m?
9
Let j(o) = -2*o**2. Let q(w) = 12*w**2 + w. Let v(x) = 34*j(x) + 6*q(x). Let n be v(-5). Suppose -3*y = 2*y - n. What is the tens digit of y?
1
Suppose 0 = -10*f + 5*f + 805. Let h = -71 + f. Suppose -3*p